mon factor of 5 and r?
5
Suppose -952*z = -977*z + 11200. What is the highest common divisor of z and 742?
14
Suppose 4*r - v - 264 = 0, 3*v + 330 = -3*r + 8*r. Let h = 10 + -30. Let i = h - -26. What is the highest common divisor of i and r?
6
Let k = -400 - -289. Let j = 168 - k. What is the highest common factor of j and 31?
31
Suppose 19*c + c = -4*c + 17472. What is the highest common factor of c and 299?
13
Let t be (9/2)/3*1120/30. Let p(i) = 175*i - 1018. Let q be p(6). What is the highest common divisor of t and q?
8
Let k = -4389 - -4466. Let h = 205 + 371. Suppose -81*n = -k*n - h. Calculate the greatest common factor of n and 18.
18
Suppose 0 = -5*q - 3*h + 172, -5*q - 4*h + 164 = -3*h. What is the highest common divisor of 992 and q?
32
Suppose 0*y - 103 = -2*l - y, 4*y - 167 = -3*l. Let w = 0 - -3. Suppose w*v - 22 + 1 = 0. What is the highest common factor of v and l?
7
Suppose 2027 + 2347 = 18*o. Suppose -5*m = 4*m - o. What is the highest common divisor of 621 and m?
27
Let u = 6368 - 6316. Calculate the greatest common divisor of u and 7787.
13
Suppose 42 = 3*n - 24. Let q be (-7)/((-49)/84)*16/4. Let s be 2 - 3/(-2)*1696/q. Calculate the greatest common factor of n and s.
11
Suppose 3*i = -k - 3*k + 159, 0 = -5*k - 4*i + 198. Let p be (-245)/k*-2 - 2/(-6). Let s = -147 + 279. Calculate the greatest common factor of p and s.
12
Let i = 314 - 349. Let u be 6 + (-7)/(i/30). What is the greatest common factor of u and 384?
12
Let q = 313 - 414. Let a = q + 125. What is the highest common factor of 12 and a?
12
Suppose 4*v + 10 - 685 = 153. Calculate the greatest common factor of 2001 and v.
69
Suppose -27*z = -30442 + 5170. Suppose 33*f - 219 = z. Calculate the greatest common factor of 21 and f.
7
Let y = 44 - 34. Let u be (2/(-5))/(2/y). Let i be 31 - (-4)/u - -4. What is the highest common factor of i and 44?
11
Let u = 63 + -87. Let n be (-16)/(-5)*(-180)/u. Let m(z) = 2*z. Let i be m(3). Calculate the greatest common factor of i and n.
6
Let q be 15/(-20)*1280/(-48). Calculate the greatest common factor of q and 595.
5
Let s = 312 + -300. Let k be (-1)/5 + (-8591)/(-55). Let d = k - 96. What is the greatest common divisor of s and d?
12
Let a = -172 + 326. Suppose 1 = 2*l - 4*l - d, d + 9 = 2*l. Let s be 33/(-22) + 31/l. Calculate the greatest common factor of a and s.
14
Suppose 8*y = 6*y + 66. Suppose 3*i - y = -12. Let z = -123 + 137. What is the greatest common factor of z and i?
7
Suppose -12243*i + 12241*i + 24 = 0. What is the greatest common factor of i and 39?
3
Let s be ((-176)/6*6/(-4))/2. Calculate the highest common factor of 6 and s.
2
Suppose 3*k - i = k - 5, -2*i - 22 = 4*k. Let u be 1 - k - -2 - -39. Calculate the greatest common divisor of 874 and u.
46
Suppose -3*g - 812 = -26. Let o = -227 - g. Calculate the highest common divisor of 5 and o.
5
Suppose -21*q - 4608 = -25*q. Calculate the highest common factor of 42 and q.
6
Let f(y) = -y**2 - 56*y - 516. Let v be f(-12). Suppose 6*u = u + 150. Let r be 72/u*(7 + -2). What is the highest common divisor of r and v?
12
Let u = -270 + 279. Suppose 2*t + 4*k - 13 = u, 2*t - 24 = -2*k. What is the highest common factor of t and 39?
13
Suppose 99*h + 22*h - 10038 - 8475 = 0. What is the highest common divisor of h and 2601?
153
Let v be (-3)/1*((-50)/(-15) + -5). Suppose 0 = -3*r - v*z + 106, -r + 3*z - 134 = -5*r. What is the highest common divisor of 544 and r?
32
Let f = 461 - 445. Suppose f*p - 79 = -31. Let c(x) = x + 2. Let y be c(4). What is the greatest common divisor of p and y?
3
Suppose 0 = -4*p + 4*r + 20, 6*p - 1 = 7*p + 2*r. Let u be 24/48*-2*(-27)/p. Suppose 5*y - 3*y - 2 = 0. Calculate the greatest common factor of y and u.
1
Let v = -9 - -9. Suppose 13*y + 0*y - 286 = v. Let b = 155 + -89. Calculate the highest common divisor of y and b.
22
Let m(j) = -23*j + 56. Let r be m(-4). Let i = 349 - r. Calculate the greatest common divisor of i and 268.
67
Let f be (-1)/(-2) - (-40)/(-80). Let s be 8 + f + 7 + -9. Let p(d) = d**2 + 2*d + 3. Let z be p(-5). What is the highest common divisor of z and s?
6
Let y(i) be the second derivative of i**4/3 + 5*i**3/2 + 10*i**2 - 97*i. Let m be y(-5). What is the greatest common factor of 18 and m?
9
Suppose -4*s + 4*m + 256 = 0, -2*s + m = -1 - 124. Let x = 50 - s. Let d(t) = -t + 10. Let g be d(x). What is the highest common divisor of g and 7?
7
Let t = 5025 + -4961. Suppose -96 = j - 2*j. Calculate the greatest common factor of j and t.
32
Let z(p) = 2*p - 7. Let k be z(6). Let t(m) = m**3 - 21*m**2 - 30*m + 43. Let o be t(23). Let d = -356 + o. What is the highest common factor of d and k?
5
Suppose 0 = -5*i + 2*x + 72, 28 + 38 = 5*i - x. Let d = 950 - 650. Calculate the greatest common divisor of i and d.
12
Suppose 0 = -5*r + 3*i + 13704, 0*i - 4*i - 5490 = -2*r. Let s(a) = r + 0*a - 2*a - 2706. Let q be s(13). What is the highest common factor of 7 and q?
7
Let b = 12519 - 12469. Suppose -5*x - 360 = -3*g, g = -x - 80 + 8. Let v = -42 - x. What is the highest common factor of v and b?
10
Let b(w) = -w**2 + 5*w + 15. Let d be b(-4). Let u = 36 + d. Let r = 15 + u. What is the highest common divisor of r and 12?
6
Suppose -4*f - 1330 = -9*f. Let c = f - 262. Calculate the greatest common divisor of c and 412.
4
Suppose 18*u - 13*u - 32716 = -2*f, 13086 = 2*u + f. Calculate the greatest common factor of u and 16.
16
Suppose 4*d - 34 = 4*q + q, -4*q - 2 = d. Let z be (-25)/75 - (-470)/d. What is the highest common divisor of 12 and z?
6
Let l be -4 + 216/3 - -4. Let t be l/((-3 - -4)*2). Calculate the greatest common factor of t and 576.
36
Suppose -2*p + 141 = -113*f + 108*f, 0 = p - 2*f - 74. What is the highest common divisor of 3124 and p?
44
Let z(m) = -17*m - m**2 + 9 - 16*m + 46*m - 15*m. Let u be z(2). Calculate the greatest common divisor of u and 16.
1
Suppose -37*b + 11830 = -2*b - 9*b. What is the highest common factor of b and 585?
65
Let j be ((-12)/10)/(1 - 321/315). Let o = -58 + j. Suppose o*w + 2*i - 130 = i, 0 = -5*w + 2*i + 130. Calculate the highest common factor of w and 52.
26
Let h be (-462)/(-30) + (-2)/5. What is the greatest common factor of 110 and h?
5
Let c(b) = 4*b**2 - 133*b + 1345. Let k be c(-66). Calculate the highest common divisor of k and 326.
163
Let q = -6511 - -6615. What is the greatest common factor of q and 2392?
104
Let o(h) = h**3 - 5*h**2 - 15*h + 12. Let r be o(7). Suppose 2*c + 84 = 6*c + m, -r*c + 116 = 4*m. What is the greatest common divisor of 30 and c?
10
Suppose 5*a - 24 = -5*w + 26, -2*a = -21*w + 3. Let b be 22 + -3*6/(-9). Let l be (b/9)/((-2)/(-54)). What is the greatest common divisor of l and a?
9
Let h = 14308 + -14206. What is the greatest common factor of 3502 and h?
34
Let a(m) = m**3 - m**2 + 3*m - 1. Let x be a(4). Let b(i) = -i**3 - 22*i**2 - 103*i - 2089. Let p be b(-22). Calculate the greatest common factor of x and p.
59
Let q(i) = -6*i + 201. Let b be q(33). Suppose -2*k - 5 = -b*r, -k + 5 - 20 = -4*r. What is the highest common factor of 15 and r?
5
Suppose -y - 3*a = a - 3, -9 = -y + 2*a. Let x(g) = -g + 9. Let s be x(4). Let d = s + y. Calculate the highest common factor of 96 and d.
12
Let k = -86 - -329. Let q = 170 + k. Calculate the greatest common factor of 59 and q.
59
Let d = 5981 - 5901. What is the highest common factor of 310 and d?
10
Suppose -7*z + 11023 - 3820 = s, 3087 = 3*z - 3*s. What is the greatest common divisor of 6 and z?
3
Let o be (-150)/(-8) - ((-1)/7)/(540/(-2835)). What is the greatest common factor of 288 and o?
18
Suppose 93*s - 88*s - 15 = 0. Let l(z) = 20*z + 9 - 2 - 4 + z. Let p be l(s). Calculate the highest common factor of p and 6.
6
Let o be ((-36)/90)/(2/(-30)). Suppose 4*n + 136 = o*n. Calculate the highest common divisor of 85 and n.
17
Let r be 72/(-396) - (-1852)/22. Let m(g) = -31*g + 1. Let v be m(-2). What is the greatest common factor of r and v?
21
Let f be -73 - (57 + -76 + -56). Let x(h) = h**2 + 2*h - 3. Let l be x(5). Let s be (l/(-6))/((-2)/6). Calculate the greatest common divisor of f and s.
2
Let c(n) = 2*n**2 - 7*n. Let r be (5/(-10))/(4/(-24)). Let w be c(r). Let j = w - -45. Calculate the greatest common factor of 7 and j.
7
Suppose -39 = -5*b + 36. Let q(d) = d**2 - 21*d +